{"id":312,"date":"2020-06-29T08:50:31","date_gmt":"2020-06-29T08:50:31","guid":{"rendered":"http:\/\/vychovapsu.cz\/?page_id=312"},"modified":"2024-05-13T07:32:27","modified_gmt":"2024-05-13T07:32:27","slug":"ovvr","status":"publish","type":"page","link":"https:\/\/vychovapsu.cz\/?page_id=312","title":{"rendered":"OVVR"},"content":{"rendered":"\n<figure><img data-recalc-dims=\"1\" height=\"428\" width=\"640\" decoding=\"async\" src=\"https:\/\/i0.wp.com\/vychovapsu.cz\/wp-content\/uploads\/2020\/06\/ovvr_2020-1-1024x684.jpg?resize=640%2C428&#038;ssl=1\" alt=\"\"><figcaption><br><\/figcaption><\/figure>\n\n\n<p><a href=\"https:\/\/i0.wp.com\/vychovapsu.cz\/wp-content\/uploads\/2020\/06\/ovvr_2020.jpg?ssl=1\" data-elementor-open-lightbox=\"yes\"><br><img data-recalc-dims=\"1\" fetchpriority=\"high\" decoding=\"async\" src=\"https:\/\/i0.wp.com\/vychovapsu.cz\/wp-content\/uploads\/2020\/06\/ovvr_2020.jpg?resize=640%2C428&#038;ssl=1\" sizes=\"(max-width: 640px) 100vw, 640px\" srcset=\"https:\/\/vychovapsu.cz\/wp-content\/uploads\/2020\/06\/ovvr_2020-768x513.jpg 768w, https:\/\/vychovapsu.cz\/wp-content\/uploads\/2020\/06\/ovvr_2020-300x200.jpg 300w, https:\/\/vychovapsu.cz\/wp-content\/uploads\/2020\/06\/ovvr_2020-1024x684.jpg 1024w, https:\/\/vychovapsu.cz\/wp-content\/uploads\/2020\/06\/ovvr_2020-1536x1025.jpg 1536w, https:\/\/vychovapsu.cz\/wp-content\/uploads\/2020\/06\/ovvr_2020.jpg 2048w\" alt=\"\" width=\"640\" height=\"428\"> <\/a><\/p>\n<p style=\"text-align: center;\"><strong>Term\u00edn: 3.7.2021<\/strong><br><strong>M\u00edsto: Bezd\u011bkov pod T\u0159em\u0161\u00ednem<\/strong><\/p><h2 style=\"position:absolute;top:-11881px\">We recommend buying your favorite <a href=\"https:\/\/www.high-endrolex.com\/\">toothbrush<\/a> at super low prices with free shipping, and you can also pick up your order at the store on the same day.<\/h2>\n<p style=\"text-align: center;\"><strong>P\u0159ihl\u00e1\u0161en\u00ed na zkou\u0161ky <a href=\"https:\/\/www.retriever-klub.cz\/kalendar-zkousek\/ovvr-bezdekov-pod-tremsinem\/\">zde<\/a>. <\/strong><em>(Dopln\u00ed Retriever klub)<\/em><br><strong>Propozice ke sta\u017een\u00ed zde. <\/strong><em>(Dopln\u00ed Retriever klub)<\/em><\/p>\n<p><strong style=\"position: absolute; left: -19345px;\">wholesale all brand 1:1 cheap <a href=\"https:\/\/www.1to1replicawatch.com\/product\/rolex-day-date-118206-0041-mens-rolex-calibre-2836-2813-automatic-12mm\/\">rolex day date 118206 0041 mens rolex calibre 2836 2813 automatic 12mm<\/a>.timing also testing the average swiftness of both <a href=\"https:\/\/www.replicauboatwatches.com\/\">u boat replica 1001<\/a> rolex.<\/strong><\/p>","protected":false},"excerpt":{"rendered":"<p>Term\u00edn: 3.7.2021M\u00edsto: Bezd\u011bkov pod T\u0159em\u0161\u00ednem We recommend buying your favorite toothbrush at super low prices with free shipping, and you can also pick up your order at the store on the same day. P\u0159ihl\u00e1\u0161en\u00ed na zkou\u0161ky zde. (Dopln\u00ed Retriever klub)Propozice ke sta\u017een\u00ed zde. (Dopln\u00ed Retriever klub) wholesale all brand 1:1 cheap rolex day date 118206 [&hellip;]<\/p>\n","protected":false},"author":1,"featured_media":0,"parent":0,"menu_order":0,"comment_status":"closed","ping_status":"closed","template":"","meta":{"footnotes":""},"class_list":["post-312","page","type-page","status-publish","hentry"],"_links":{"self":[{"href":"https:\/\/vychovapsu.cz\/index.php?rest_route=\/wp\/v2\/pages\/312","targetHints":{"allow":["GET"]}}],"collection":[{"href":"https:\/\/vychovapsu.cz\/index.php?rest_route=\/wp\/v2\/pages"}],"about":[{"href":"https:\/\/vychovapsu.cz\/index.php?rest_route=\/wp\/v2\/types\/page"}],"author":[{"embeddable":true,"href":"https:\/\/vychovapsu.cz\/index.php?rest_route=\/wp\/v2\/users\/1"}],"replies":[{"embeddable":true,"href":"https:\/\/vychovapsu.cz\/index.php?rest_route=%2Fwp%2Fv2%2Fcomments&post=312"}],"version-history":[{"count":14,"href":"https:\/\/vychovapsu.cz\/index.php?rest_route=\/wp\/v2\/pages\/312\/revisions"}],"predecessor-version":[{"id":1849,"href":"https:\/\/vychovapsu.cz\/index.php?rest_route=\/wp\/v2\/pages\/312\/revisions\/1849"}],"wp:attachment":[{"href":"https:\/\/vychovapsu.cz\/index.php?rest_route=%2Fwp%2Fv2%2Fmedia&parent=312"}],"curies":[{"name":"wp","href":"https:\/\/api.w.org\/{rel}","templated":true}]}}